(v) = 11 - 12 - 4*v - 1. Determine n(-3).
10
Suppose 2 - 1 = l. Suppose -g + 4*a + 21 = l, -4*a = -5*g + 36. Let v(x) = 4*x + 15. Let d(c) = 3*c + 10. Let t(p) = 7*d(p) - 5*v(p). Calculate t(g).
-1
Let t(d) be the first derivative of -d**3/3 - 3*d**2 - 3*d + 3. Calculate t(-6).
-3
Let q = 0 - 1. Let b(c) = -5*c**3 + 2*c**2 + c + 1. Let d(j) = -j**2 - j - 1. Let v(t) = -b(t) - d(t). What is v(q)?
-6
Suppose -1 = 6*u + 5. Let m(x) = 3*x**3 + 2*x**2 + 2*x + 1. Give m(u).
-2
Let r(a) = -a**3 - 6*a**2 + 5. Let d be r(-6). Suppose -5*i - 1 = -0*i - 2*u, -i + d*u = 14. Let p(w) = -i + 6*w + 1 + 1. Calculate p(-1).
-5
Let b(w) = -5*w + 1. Let r(z) = 14*z - 2. Let a(g) = 11*b(g) + 4*r(g). What is a(-4)?
-1
Let v = 17 + -13. Let n(m) = -4*m**3 + 8*m**2 - 3*m + 6. Let z(s) = 5*s**3 - 9*s**2 + 2*s - 7. Let j be 6/(9/6*1). Let l(i) = j*n(i) + 3*z(i). Determine l(v).
-5
Let w(x) = -x**3 - 4*x**2 + 7*x + 6. Let c(u) = 2*u**3 + 3*u**2 - 8*u - 7. Let y(s) = -2*c(s) - 3*w(s). Give y(5).
-4
Let x = 1 + -18. Let d = -12 - x. Let m(v) = -v**2 + 9*v - 7. Give m(d).
13
Suppose o = 2*l + 3*o - 6, 5*l + 2*o = 6. Let i(j) be the third derivative of 1/2*j**3 + 1/24*j**4 + j**2 + l*j + 0. Determine i(-5).
-2
Let f(l) = -5*l - 5. Let k(j) = j**2 - j - 1. Let u(s) = -f(s) + k(s). Give u(-4).
4
Let p(m) = m - 8. Let x(d) = d**3 + 7*d**2 - 9*d - 3. Suppose 0 = u + 3 + 5. Let f be x(u). What is p(f)?
-3
Let j(f) = -21 - 13 + 36 + f. Give j(0).
2
Let t be -10*(-3)/(-6) - 1. Let l(r) be the first derivative of -7*r**2/2 - 4*r - 3. Let m(q) = -15*q - 8. Let g(v) = -13*l(v) + 6*m(v). Determine g(t).
-2
Let r(h) = 5*h. Let a be 6/9 + 3/9. Let x be 0/a + 1/(-1). What is r(x)?
-5
Suppose -1 - 11 = 3*g - 3*n, -12 = 4*n. Let m(j) be the first derivative of j**4/4 + 7*j**3/3 - 6*j + 14. Determine m(g).
-6
Let i(b) = b**2 + b. Let g = 10 - 10. Suppose g*z + 2 = z. Calculate i(z).
6
Let g(j) = -j**2. Let b(k) = 3*k**2 - 9*k. Let u(x) = -b(x) - 4*g(x). Calculate u(-10).
10
Suppose 2*d + 5*h + 66 = -0*d, -5*d + 2*h - 136 = 0. Let q be (-4)/12 + d/6. Let c(p) = p**3 + 4*p**2 - 6*p - 6. Determine c(q).
-1
Suppose -4*u - 2*z - 2 = 0, -4*u - u - 2*z - 2 = 0. Let l(w) = -w**3 - w**2 + w + 8. Determine l(u).
8
Let m(u) = 10*u**2 + 10 - 13 - 11*u**2 - 6*u. Determine m(-2).
5
Let j(d) = d**2 - 2*d. Let r be j(2). Let i be (-10)/(-4)*(2 - 0). Suppose 3*o - 4 - i = r, -2*l = -5*o + 13. Let f(y) = -3*y + 1. Give f(l).
-2
Let n(k) = -5*k**3 + 2*k**2 + 6*k - 5. Let l(f) = 14*f**3 - 5*f**2 - 17*f + 14. Let s(v) = 6*l(v) + 17*n(v). Determine s(4).
-1
Suppose -5*n + k + 0 + 17 = 0, k = -n + 1. Suppose -2 = -5*x + n. Let f(q) = 9*q**3 + q**2 - 1. Calculate f(x).
9
Let p(j) = -4*j + j**2 + 3*j + 7*j. Suppose 4*c - 8 + 0 = 0. Suppose 2*s = -k - 7 - 3, -k + 14 = -c*s. Give p(s).
0
Suppose 4*v - l = 11, -2*v + 3 = -4*l + l. Let c(a) = -a**3 + 4*a**2 - 2*a + 4. Determine c(v).
7
Let y(g) be the third derivative of g**5/60 + g**4/4 - 7*g**3/6 - g**2. Determine y(-7).
0
Let u(w) = -w**2 + w + 9. Let c be u(0). Let o = 2 - 2. Suppose o = 5*a - 11 - c. Let y(j) = -j - 2. Give y(a).
-6
Let k = 10 - 7. Let t(n) be the first derivative of -n + 5/2*n**2 - 1 - 1/3*n**k. Calculate t(5).
-1
Let o(w) = -w**2 + 11*w - 9. Let f be o(10). Let t be (f - -5)*(-4)/12. Let n(y) = -y**3 - y**2 + y + 1. Give n(t).
3
Let s be (-30)/20 - (-10)/4. Let v(k) = -5*k**2 - 1. What is v(s)?
-6
Let z(t) be the first derivative of t**4/4 - 5*t**3/3 + 3*t**2/2 + 4*t - 8. Calculate z(3).
-5
Let r(q) = 5*q - 1. Let k(m) = -m**3 + 7*m**2 - 8*m + 13. Let y be k(6). Give r(y).
4
Let j(l) = -l**3 + 4*l**2 + 7*l - 2. Let b be (-2 - -3)/((-3)/6). Let s be (-15)/b*(-12)/(-18). Calculate j(s).
8
Let z(u) = u**3 - 5*u**2 + u - 5. Let q be 2 + (1 + 2)*1. What is z(q)?
0
Suppose -7*w = -2*w + 20. Let j(f) be the first derivative of -f**3/3 - 3*f**2 - 5*f + 58. What is j(w)?
3
Let q(y) = 6*y - 3. Let t = -2 - -1. Let v = t - -4. Let j be v/(-1)*(-6)/9. What is q(j)?
9
Let n(z) be the third derivative of 0*z**4 - 1/3*z**3 + 0 - 3*z**2 + 0*z + 1/60*z**5. Let s(j) be the first derivative of n(j). Determine s(2).
4
Let u(m) = -4*m**3 - m**2 - m + 1. Let z(n) be the first derivative of -n**3/3 - n**2/2 + 2. Let q be z(-1). Let l = 1 - q. Determine u(l).
-5
Let b(f) = -5*f**3 + 5*f**2 + 7*f - 6. Let m(k) = 2*k + 6. Let r be m(0). Let i(t) = 4*t**3 - 5*t**2 - 6*t + 5. Let z(p) = r*i(p) + 5*b(p). Determine z(-2).
-10
Suppose 4*k - 5*l - 42 = 0, -4*k + 3*l + 59 = k. Suppose m - 72 = 5*m. Let i = m + k. Let n(z) = z**2 + 3*z - 2. Give n(i).
8
Let m be 14/(-3) + 2/3. Suppose 9 = 2*i + r, 0 = 6*i - i - 5*r - 15. Let u(n) = 0*n**2 + 4*n + n**2 - 5 + 0*n**2 + i. Calculate u(m).
-1
Let q(j) = 2*j**2 + 11*j + 21. Let k(h) = -h**2 - 6*h - 11. Let c(w) = -11*k(w) - 6*q(w). Give c(0).
-5
Let d(p) = -p - 25. Let j be d(-21). Let f(b) = b**2 + 5*b + 1. Determine f(j).
-3
Let q(p) = -p - 1. Suppose 3*o = -0*t + t - 30, 50 = -4*o - 2*t. Let y = o - -16. Suppose -y*h + 20 = -0. Calculate q(h).
-5
Let c be 6 + (0/(-2))/(-3). Let x(b) = b**2 - b - 6 + 7 + c. Calculate x(0).
7
Suppose -5*p + 3 = 2*w - 16, -p = -2*w + 13. Let h = 5 - w. Let z(l) = -l**3 - l**2 + 2*l + 1. Calculate z(h).
1
Let h(g) be the second derivative of -g**3/6 - 3*g**2 + 3*g. Let r be 1/(0 - 1) - -3. Let s = -2 + r. Give h(s).
-6
Suppose -5 = -2*j + 1. Let v(o) be the second derivative of 2*o + 7/2*o**2 + 1/6*o**j + 0. Give v(-3).
4
Let k(l) = -11*l + 11. Let y(c) = -6*c + 6. Let w(i) = -4*k(i) + 7*y(i). Let a(v) = -5*v - 1. Let g be a(-1). Give w(g).
6
Let u(b) = -b - 6. Let n(o) = o + 6. Let j(r) = 5*n(r) + 4*u(r). Let s be j(-6). Let i(z) = 19*z - 2 + 0*z - 18*z + 1. Determine i(s).
-1
Let i(h) = h**3 + 5*h**2 - 6*h + 2. Let b be ((-3)/4)/(4/(-16)). Suppose b*w + 12 + 6 = 0. Determine i(w).
2
Let s(t) = -t**3 + 2*t**2 + 2*t. Suppose 0*p + 4*p = 56. Let i = p - 2. Let y be (i/(-8))/(2/(-4)). Give s(y).
-3
Let z(y) = 6*y**2 + 98 - y**3 - 98. Give z(6).
0
Let u(v) = v**2 + 3*v + 2. Suppose -36 = 3*o + 6*o. What is u(o)?
6
Let i(b) be the first derivative of b**3/3 - b - 1. Give i(0).
-1
Let v be (-35)/(-11) - 4/22. Suppose -i - v = -2*o, o - 2*i = -3*i + 9. Let b(d) = -2*d - 4. Calculate b(o).
-12
Let p(h) = 3*h**2 + 7*h - 1. Let j(q) = -q**2 - q. Let i(t) = -5*j(t) - p(t). What is i(2)?
5
Let v(g) = -2*g - 2. Let d(j) = -j**2 - 5*j - 2. Let l be d(-5). Let y be (17/3 + l)*-3. Let w = y - -15. What is v(w)?
-10
Let o(a) be the second derivative of -a**5/20 - a**4/2 - 2*a**3/3 + 5*a**2/2 - 58*a. Determine o(-5).
0
Suppose -5*o + 2*o = a - 13, 2*o - 3*a = -6. Suppose o*f + f = 0. Let c(w) = w**2 + w + 10. What is c(f)?
10
Let z(w) be the second derivative of -w**5/20 - 5*w**4/12 + 5*w**3/6 - 2*w**2 - 69*w. Let m be (-7)/1 + -1 + 2. Give z(m).
2
Suppose -d - 1 + 0 = 0. Let u(q) be the third derivative of -7*q**5/60 - q**4/24 + q**2. Determine u(d).
-6
Let h(g) be the third derivative of g**4/8 + g**3/6 + 9*g**2. Determine h(2).
7
Let j(v) = v**2 - 2*v - 5. Let h(n) = 2*n + 8. Let k be h(-5). Let g be (k + 0)*(-20)/10. What is j(g)?
3
Suppose -2*l + 2 = -12. Let u(g) = g + 1. What is u(l)?
8
Let s(h) be the third derivative of 1/30*h**5 + 5*h**2 + 1/2*h**3 + 0*h + 0 + 1/6*h**4. Determine s(-2).
3
Let j(c) = 3*c**3 + 2*c**2 + c + 2. Let s be (-2 + 3 - -1)/(-1). What is j(s)?
-16
Let o(j) = -3*j**2 + 23*j - 3. Let b(d) = d**2 - 8*d + 1. Let l(p) = -11*b(p) - 4*o(p). Calculate l(3).
-2
Let j = 12 - 10. Let q(w) = 0*w**j + 6*w + 5 + w**2 + 3*w - w. What is q(-6)?
-7
Let b(y) be the third derivative of y**6/120 - y**5/15 - y**4/4 - 5*y**3/6 + 3*y**2. Give b(5).
-10
Let j(h) = 9*h**3 - h**2 - 16*h - 1. Let n(u) = -5*u**3 + 8*u + 1. Let b(l) = -4*j(l) - 7*n(l). Give b(6).
-27
Let g(j) be the second derivative of -j**6/60 - j**5/20 - j**4/8 - j**3/2 + 3*j**2/2 - 4*j. Let c(l) be the first derivative of g(l). What is c(-2)?
7
Let f(b) = -b**3 + 7*b**2 + 8*b + 1. Suppose -3*p + 39 = -5*y, -5*p + 5*y = -4*p - 23. Give f(p).
1
Let s(z) = 10*z. Let o be s(1). Let i be ((-6)/5)/((-4)/o). Suppose 2*a = 3*q + a + 11, q + a - i = 0. Let v(k) = k - 1. What is v(q)?
-3
Let d(r) = -r**3 + r**2 - 2*r - 8. Let m(y) = 2*y**3 - 2*y**2 + 3*y + 9. Let c(w) = -3*d(w) - 2*m(w). Give c(0).
6
Let z(u) = -6*u - 5*u**2 - 5 + u**2 + 5*u**2. Ca